{"id":112787,"date":"2026-09-01T23:33:22","date_gmt":"2026-09-01T21:33:22","guid":{"rendered":"https:\/\/www.industrialwood.nl\/ornament-mareva-organisch-weiss-m\/"},"modified":"2026-09-02T01:03:41","modified_gmt":"2026-09-01T23:03:41","slug":"ornament-mareva-organisch-weiss-m","status":"publish","type":"product","link":"https:\/\/www.industrialwood.nl\/de\/ornament-mareva-organisch-weiss-m\/","title":{"rendered":"Ornament | Mareva | Organisch | Wei\u00df | M"},"content":{"rendered":"","protected":false},"excerpt":{"rendered":"<p><strong>Ornament Mareva M \u2013 wei\u00dfes, organisch geformtes Ornament \ud83e\udd0d<\/strong><\/p>\n<p>Etwas anders als ein gew\u00f6hnliches Ornament \u2013 und genau deshalb so sch\u00f6n. \ud83e\udd0d Das Ornament \u201eMareva M\u201c besteht aus verschiedenen runden und kieselartigen Formen, die spielerisch \u00fcbereinander zu balancieren scheinen. Die sanfte wei\u00df-beige Farbe und die matte, steinartige Optik verleihen \u201eMareva\u201c ein ruhiges und edles Erscheinungsbild.<\/p>\n<p>Die besondere Form erinnert an aufgeschichtete Steine, allerdings in einem modernen Design. Dadurch ist Mareva nicht nur ein Wohnaccessoire, sondern fast schon eine kleine Skulptur f\u00fcr Ihr Zuhause. Wundersch\u00f6n auf einer Kommode, einem Beistelltisch oder einem Wandregal, aber auch sehr sch\u00f6n auf einem Stapel von Dekob\u00fcchern oder in einem offenen Regalschrank.<\/p>\n<p>Durch den warmen, cremefarbenen Farbton l\u00e4sst sich dieses wei\u00dfe Deko-Element zudem \u00e4u\u00dferst leicht kombinieren. Stellen Sie \u201eMareva\u201c beispielsweise vor dunkelbraunes oder walnussfarbenes Holz, um einen sch\u00f6nen Kontrast zu erzielen, oder kombinieren Sie es mit Beige-, Creme- und Sandt\u00f6nen f\u00fcr ein ruhiges Ton-in-Ton-Styling.<\/p>\n<p>Und jaaa\u2026 Mareva gibt es auch in Gr\u00f6\u00dfe L! \ud83d\ude09 Stellen Sie M und L als Set zusammen \u2013 der H\u00f6henunterschied sorgt sofort f\u00fcr ein verspieltes Gesamtbild. Sie m\u00fcssen eigentlich fast gar nichts mehr daneben stellen.<\/p>\n<p><strong>Warum wir von dem Ornament \u201eMareva M\u201c begeistert sind:<\/strong><\/p>\n<ul>\n<li>Zarte, cremefarbene\/wei\u00df-beige Farbe<\/li>\n<li>Inspiriert von aufgeschichteten und balancierenden Steinen<\/li>\n<li>Matte, steinartige Optik<\/li>\n<li>Auch in einer <a href=\"https:\/\/www.industrialwood.nl\/ornament-mareva-organisch-wit-l\/\">Nummer gr\u00f6\u00dfer<\/a> erh\u00e4ltlich \u2013 ideal als Set!<\/li>\n<li>L\u00e4sst sich wunderbar mit Dunkelbraun, Walnuss, Beige, Creme und Naturfarben kombinieren<\/li>\n<\/ul>\n<p>&nbsp;<\/p>\n<p><strong>Abmessungen<\/strong>: 10,5 x 7 x 30 cm<br \/>\n<strong>Material<\/strong>: Synthetisches Material mit stein\u00e4hnlicher Optik<br \/>\n<strong>Farbe<\/strong>: Wei\u00df | Beige<\/p>\n","protected":false},"featured_media":112788,"comment_status":"open","ping_status":"closed","template":"","meta":[],"product_brand":[],"product_cat":[396,400,418,402,424,420,395,391,422],"product_tag":[],"seizoen":[543,545,544,546],"bloemensoort":[],"samenstelling":[],"shop-per-kamer":[552,549],"indooroutdoor":[555],"vorm":[563],"duurzaam":[565],"productafmetingen":[568],"stijl":[574,571,575,573,572],"merk":[580],"materiaal":[617],"materiaal-schaaltje":[],"geur":[],"product-type":[],"beoordeling":[640,641,642],"uitsparingen":[],"houtsoort":[],"breedte":[],"badplanken-lengte":[],"kleur":[657,659],"class_list":["post-112787","product","type-product","status-publish","has-post-thumbnail","product_cat-wohnzimmer","product_cat-boheme-wohnzimmer","product_cat-hotel-chic-wohnzimmer","product_cat-japandi-wohnzimmer","product_cat-landwohnzimmer","product_cat-modernes-wohnzimmer","product_cat-naturliche-tone","product_cat-ornamente","product_cat-skandinavisches-wohnzimmer","seizoen-lente-de","seizoen-herfst-de","seizoen-zomer-de","seizoen-winter-de","shop-per-kamer-hal-de","shop-per-kamer-woonkamer-de","indooroutdoor-indoor-de","vorm-organisch-de","duurzaam-ja-de","productafmetingen-m-de","stijl-bohemian-de","stijl-hotel-chique-de","stijl-japandi-de","stijl-modern-de","stijl-scandinavisch-de","merk-lightliving-de","materiaal-kunststof-de","beoordeling-three-star-de","beoordeling-four-star-de","beoordeling-five-star-de","kleur-beige-de","kleur-wit-de","first","instock","taxable","shipping-taxable","purchasable","product-type-simple"],"_links":{"self":[{"href":"https:\/\/www.industrialwood.nl\/de\/wp-json\/wp\/v2\/product\/112787","targetHints":{"allow":["GET"]}}],"collection":[{"href":"https:\/\/www.industrialwood.nl\/de\/wp-json\/wp\/v2\/product"}],"about":[{"href":"https:\/\/www.industrialwood.nl\/de\/wp-json\/wp\/v2\/types\/product"}],"replies":[{"embeddable":true,"href":"https:\/\/www.industrialwood.nl\/de\/wp-json\/wp\/v2\/comments?post=112787"}],"wp:featuredmedia":[{"embeddable":true,"href":"https:\/\/www.industrialwood.nl\/de\/wp-json\/wp\/v2\/media\/112788"}],"wp:attachment":[{"href":"https:\/\/www.industrialwood.nl\/de\/wp-json\/wp\/v2\/media?parent=112787"}],"wp:term":[{"taxonomy":"product_brand","embeddable":true,"href":"https:\/\/www.industrialwood.nl\/de\/wp-json\/wp\/v2\/product_brand?post=112787"},{"taxonomy":"product_cat","embeddable":true,"href":"https:\/\/www.industrialwood.nl\/de\/wp-json\/wp\/v2\/product_cat?post=112787"},{"taxonomy":"product_tag","embeddable":true,"href":"https:\/\/www.industrialwood.nl\/de\/wp-json\/wp\/v2\/product_tag?post=112787"},{"taxonomy":"seizoen","embeddable":true,"href":"https:\/\/www.industrialwood.nl\/de\/wp-json\/wp\/v2\/seizoen?post=112787"},{"taxonomy":"bloemensoort","embeddable":true,"href":"https:\/\/www.industrialwood.nl\/de\/wp-json\/wp\/v2\/bloemensoort?post=112787"},{"taxonomy":"samenstelling","embeddable":true,"href":"https:\/\/www.industrialwood.nl\/de\/wp-json\/wp\/v2\/samenstelling?post=112787"},{"taxonomy":"shop-per-kamer","embeddable":true,"href":"https:\/\/www.industrialwood.nl\/de\/wp-json\/wp\/v2\/shop-per-kamer?post=112787"},{"taxonomy":"indooroutdoor","embeddable":true,"href":"https:\/\/www.industrialwood.nl\/de\/wp-json\/wp\/v2\/indooroutdoor?post=112787"},{"taxonomy":"vorm","embeddable":true,"href":"https:\/\/www.industrialwood.nl\/de\/wp-json\/wp\/v2\/vorm?post=112787"},{"taxonomy":"duurzaam","embeddable":true,"href":"https:\/\/www.industrialwood.nl\/de\/wp-json\/wp\/v2\/duurzaam?post=112787"},{"taxonomy":"productafmetingen","embeddable":true,"href":"https:\/\/www.industrialwood.nl\/de\/wp-json\/wp\/v2\/productafmetingen?post=112787"},{"taxonomy":"stijl","embeddable":true,"href":"https:\/\/www.industrialwood.nl\/de\/wp-json\/wp\/v2\/stijl?post=112787"},{"taxonomy":"merk","embeddable":true,"href":"https:\/\/www.industrialwood.nl\/de\/wp-json\/wp\/v2\/merk?post=112787"},{"taxonomy":"materiaal","embeddable":true,"href":"https:\/\/www.industrialwood.nl\/de\/wp-json\/wp\/v2\/materiaal?post=112787"},{"taxonomy":"materiaal-schaaltje","embeddable":true,"href":"https:\/\/www.industrialwood.nl\/de\/wp-json\/wp\/v2\/materiaal-schaaltje?post=112787"},{"taxonomy":"geur","embeddable":true,"href":"https:\/\/www.industrialwood.nl\/de\/wp-json\/wp\/v2\/geur?post=112787"},{"taxonomy":"product-type","embeddable":true,"href":"https:\/\/www.industrialwood.nl\/de\/wp-json\/wp\/v2\/product-type?post=112787"},{"taxonomy":"beoordeling","embeddable":true,"href":"https:\/\/www.industrialwood.nl\/de\/wp-json\/wp\/v2\/beoordeling?post=112787"},{"taxonomy":"uitsparingen","embeddable":true,"href":"https:\/\/www.industrialwood.nl\/de\/wp-json\/wp\/v2\/uitsparingen?post=112787"},{"taxonomy":"houtsoort","embeddable":true,"href":"https:\/\/www.industrialwood.nl\/de\/wp-json\/wp\/v2\/houtsoort?post=112787"},{"taxonomy":"breedte","embeddable":true,"href":"https:\/\/www.industrialwood.nl\/de\/wp-json\/wp\/v2\/breedte?post=112787"},{"taxonomy":"badplanken-lengte","embeddable":true,"href":"https:\/\/www.industrialwood.nl\/de\/wp-json\/wp\/v2\/badplanken-lengte?post=112787"},{"taxonomy":"kleur","embeddable":true,"href":"https:\/\/www.industrialwood.nl\/de\/wp-json\/wp\/v2\/kleur?post=112787"}],"curies":[{"name":"wp","href":"https:\/\/api.w.org\/{rel}","templated":true}]}}

Ornament | Mareva | Organisch | Weiß | M

<p><strong>Ornament Mareva M – weißes, organisch geformtes Ornament 🤍</strong></p>
<p>Etwas anders als ein gewöhnliches Ornament – und genau deshalb so schön. 🤍 Das Ornament „Mareva M“ besteht aus verschiedenen runden und kieselartigen Formen, die spielerisch übereinander zu balancieren scheinen. Die sanfte weiß-beige Farbe und die matte, steinartige Optik verleihen „Mareva“ ein ruhiges und edles Erscheinungsbild.</p>
<p>Die besondere Form erinnert an aufgeschichtete Steine, allerdings in einem modernen Design. Dadurch ist Mareva nicht nur ein Wohnaccessoire, sondern fast schon eine kleine Skulptur für Ihr Zuhause. Wunderschön auf einer Kommode, einem Beistelltisch oder einem Wandregal, aber auch sehr schön auf einem Stapel von Dekobüchern oder in einem offenen Regalschrank.</p>
<p>Durch den warmen, cremefarbenen Farbton lässt sich dieses weiße Deko-Element zudem äußerst leicht kombinieren. Stellen Sie „Mareva“ beispielsweise vor dunkelbraunes oder walnussfarbenes Holz, um einen schönen Kontrast zu erzielen, oder kombinieren Sie es mit Beige-, Creme- und Sandtönen für ein ruhiges Ton-in-Ton-Styling.</p>
<p>Und jaaa… Mareva gibt es auch in Größe L! 😉 Stellen Sie M und L als Set zusammen – der Höhenunterschied sorgt sofort für ein verspieltes Gesamtbild. Sie müssen eigentlich fast gar nichts mehr daneben stellen.</p>
<p><strong>Warum wir von dem Ornament „Mareva M“ begeistert sind:</strong></p>
<ul>
<li>Zarte, cremefarbene/weiß-beige Farbe</li>
<li>Inspiriert von aufgeschichteten und balancierenden Steinen</li>
<li>Matte, steinartige Optik</li>
<li>Auch in einer <a href="https://www.industrialwood.nl/ornament-mareva-organisch-wit-l/">Nummer größer</a> erhältlich – ideal als Set!</li>
<li>Lässt sich wunderbar mit Dunkelbraun, Walnuss, Beige, Creme und Naturfarben kombinieren</li>
</ul>
<p>&nbsp;</p>
<p><strong>Abmessungen</strong>: 10,5 x 7 x 30 cm<br />
<strong>Material</strong>: Synthetisches Material mit steinähnlicher Optik<br />
<strong>Farbe</strong>: Weiß | Beige</p>
