{"id":103399,"date":"2026-05-01T17:36:58","date_gmt":"2026-05-01T15:36:58","guid":{"rendered":"https:\/\/www.industrialwood.nl\/?post_type=product&#038;p=103399"},"modified":"2026-05-01T18:03:48","modified_gmt":"2026-05-01T16:03:48","slug":"vase-sol-zwiebeln-beige-l-copy","status":"publish","type":"product","link":"https:\/\/www.industrialwood.nl\/de\/vase-sol-zwiebeln-beige-l-copy\/","title":{"rendered":"Kompletter Satz | Sol"},"content":{"rendered":"","protected":false},"excerpt":{"rendered":"<p data-section-id=\"6pc4sa\" data-start=\"0\" data-end=\"52\"><strong>\ud83e\udd0d Komplettset Sol &#8211; 3 Vasen im organischen Design<br \/>\n<\/strong>Sie suchen nach einem Set, das Ihre Einrichtung sofort aufhellt? \u2728 Das <strong data-start=\"124\" data-end=\"144\">Komplettset Sol<\/strong> ist genau das, was Sie brauchen! Dieses <strong>Set aus 3 wundersch\u00f6nen Vasen<\/strong> in verschiedenen Gr\u00f6\u00dfen wird Ihrem Wohnzimmer, Esstisch oder Couchtisch einen sanften, friedlichen Look verleihen. Sie passen zu jedem Stil, ob Sie nun Japandi, minimalistisch oder nat\u00fcrlich m\u00f6gen.   <\/p>\n<p data-start=\"415\" data-end=\"720\">Die Sol Vasen haben ein organisches Design und sind aus Keramik in einem sanften Beigeton gefertigt. Die bauchigen Formen machen sie nett und verspielt, aber sie sind auch sehr raffiniert. Stellen Sie sie auf ein Tablett f\u00fcr eine ruhige Atmosph\u00e4re oder stellen Sie sie einfach alleine hin, sie sprechen immer f\u00fcr sich selbst! \ud83e\udd0d<\/p>\n<p data-start=\"722\" data-end=\"950\">Mit diesem Set k\u00f6nnen Sie mit verschiedenen H\u00f6hen spielen und Ihrer Einrichtung das gewisse Etwas verleihen. Und das Beste daran? Dieses Set l\u00e4sst sich ganz einfach mit Ihren Lieblingsaccessoires wie Zweigen oder Seidenblumen kombinieren!<\/p>\n<p data-section-id=\"x62gue\" data-start=\"988\" data-end=\"1011\"><strong>Inhalt des Sets Sol:<\/strong><\/p>\n<ul data-start=\"1013\" data-end=\"1078\">\n<li data-section-id=\"12uh1pj\" data-start=\"1013\" data-end=\"1034\">1x Vase Sol S<\/li>\n<li data-section-id=\"136xm61\" data-start=\"1035\" data-end=\"1056\">1x Vase Sol M<\/li>\n<li data-section-id=\"134uut4\" data-start=\"1057\" data-end=\"1078\">1x Vase Sol L<\/li>\n<\/ul>\n<p data-section-id=\"cmtn5z\" data-start=\"952\" data-end=\"989\">\n<p data-section-id=\"cmtn5z\" data-start=\"952\" data-end=\"989\"><strong>Warum Sie dieses Vasen-Set haben m\u00f6chten:<\/strong><\/p>\n<ul>\n<li data-start=\"991\" data-end=\"1343\">3 Vasen in verschiedenen Gr\u00f6\u00dfen<\/li>\n<li data-start=\"991\" data-end=\"1343\">Sanfter Beigeton, der zu allem passt<\/li>\n<li data-start=\"991\" data-end=\"1343\">Organisches Design f\u00fcr einen verspielten und raffinierten Look<\/li>\n<li data-start=\"991\" data-end=\"1343\">Passt in ein Japandi, minimalistisches oder nat\u00fcrliches Interieur<\/li>\n<\/ul>\n<p>&nbsp;<\/p>\n<p><strong>Abmessungen<\/strong>: <strong>S<\/strong>: 11,5 x 25 cm | <strong>M<\/strong>: 13,5 x 32,5 cm | <strong>L<\/strong>: 14,5 x 37 cm<br \/>\n<strong>Material<\/strong>: Keramik<br \/>\n<strong>Farbe<\/strong>: Beige | Wei\u00df<\/p>\n","protected":false},"featured_media":103404,"comment_status":"open","ping_status":"closed","template":"","meta":[],"product_brand":[],"product_cat":[400,715,504,418,402,424,420,395,422,387,396],"product_tag":[],"seizoen":[543,545,544,546],"bloemensoort":[],"samenstelling":[],"shop-per-kamer":[552,549],"indooroutdoor":[555],"vorm":[563,557],"duurzaam":[565],"productafmetingen":[569,568,567],"stijl":[574,571,575,573,572],"merk":[576],"materiaal":[611],"materiaal-schaaltje":[],"geur":[],"product-type":[],"beoordeling":[640,641,642],"uitsparingen":[],"houtsoort":[],"breedte":[],"badplanken-lengte":[],"kleur":[659],"class_list":{"0":"post-103399","1":"product","2":"type-product","3":"status-publish","4":"has-post-thumbnail","6":"product_cat-boheme-wohnzimmer","7":"product_cat-das-set-kaufen","8":"product_cat-drausen","9":"product_cat-hotel-chic-wohnzimmer","10":"product_cat-japandi-wohnzimmer","11":"product_cat-landwohnzimmer","12":"product_cat-modernes-wohnzimmer","13":"product_cat-naturliche-tone","14":"product_cat-skandinavisches-wohnzimmer","15":"product_cat-vasen-topfe","16":"product_cat-wohnzimmer","17":"seizoen-lente-de","18":"seizoen-herfst-de","19":"seizoen-zomer-de","20":"seizoen-winter-de","21":"shop-per-kamer-hal-de","22":"shop-per-kamer-woonkamer-de","23":"indooroutdoor-indoor-de","24":"vorm-organisch-de","25":"vorm-rond-de","26":"duurzaam-ja-de","27":"productafmetingen-l-de","28":"productafmetingen-m-de","29":"productafmetingen-s-de","30":"stijl-bohemian-de","31":"stijl-hotel-chique-de","32":"stijl-japandi-de","33":"stijl-modern-de","34":"stijl-scandinavisch-de","35":"merk-industrialwood-de","36":"materiaal-keramiek-de","37":"beoordeling-three-star-de","38":"beoordeling-four-star-de","39":"beoordeling-five-star-de","40":"kleur-wit-de","42":"first","43":"instock","44":"sale","45":"taxable","46":"shipping-taxable","47":"purchasable","48":"product-type-simple"},"supplier_id":null,"supplier_sku":"","barcode":null,"atum_controlled":true,"out_stock_date":null,"out_stock_threshold":null,"inheritable":false,"inbound_stock":null,"stock_on_hold":null,"sold_today":null,"sales_last_days":null,"reserved_stock":null,"customer_returns":null,"warehouse_damage":null,"lost_in_post":null,"other_logs":null,"out_stock_days":null,"lost_sales":null,"has_location":false,"update_date":"2026-05-01T15:57:06","atum_locations":[],"atum_stock_status":"instock","restock_status":false,"low_stock_amount":"","sales_update_date":"2026-04-30T17:20:05","calc_backorders":null,"_links":{"self":[{"href":"https:\/\/www.industrialwood.nl\/de\/wp-json\/wp\/v2\/product\/103399","targetHints":{"allow":["GET"]}}],"collection":[{"href":"https:\/\/www.industrialwood.nl\/de\/wp-json\/wp\/v2\/product"}],"about":[{"href":"https:\/\/www.industrialwood.nl\/de\/wp-json\/wp\/v2\/types\/product"}],"replies":[{"embeddable":true,"href":"https:\/\/www.industrialwood.nl\/de\/wp-json\/wp\/v2\/comments?post=103399"}],"wp:featuredmedia":[{"embeddable":true,"href":"https:\/\/www.industrialwood.nl\/de\/wp-json\/wp\/v2\/media\/103404"}],"wp:attachment":[{"href":"https:\/\/www.industrialwood.nl\/de\/wp-json\/wp\/v2\/media?parent=103399"}],"wp:term":[{"taxonomy":"product_brand","embeddable":true,"href":"https:\/\/www.industrialwood.nl\/de\/wp-json\/wp\/v2\/product_brand?post=103399"},{"taxonomy":"product_cat","embeddable":true,"href":"https:\/\/www.industrialwood.nl\/de\/wp-json\/wp\/v2\/product_cat?post=103399"},{"taxonomy":"product_tag","embeddable":true,"href":"https:\/\/www.industrialwood.nl\/de\/wp-json\/wp\/v2\/product_tag?post=103399"},{"taxonomy":"seizoen","embeddable":true,"href":"https:\/\/www.industrialwood.nl\/de\/wp-json\/wp\/v2\/seizoen?post=103399"},{"taxonomy":"bloemensoort","embeddable":true,"href":"https:\/\/www.industrialwood.nl\/de\/wp-json\/wp\/v2\/bloemensoort?post=103399"},{"taxonomy":"samenstelling","embeddable":true,"href":"https:\/\/www.industrialwood.nl\/de\/wp-json\/wp\/v2\/samenstelling?post=103399"},{"taxonomy":"shop-per-kamer","embeddable":true,"href":"https:\/\/www.industrialwood.nl\/de\/wp-json\/wp\/v2\/shop-per-kamer?post=103399"},{"taxonomy":"indooroutdoor","embeddable":true,"href":"https:\/\/www.industrialwood.nl\/de\/wp-json\/wp\/v2\/indooroutdoor?post=103399"},{"taxonomy":"vorm","embeddable":true,"href":"https:\/\/www.industrialwood.nl\/de\/wp-json\/wp\/v2\/vorm?post=103399"},{"taxonomy":"duurzaam","embeddable":true,"href":"https:\/\/www.industrialwood.nl\/de\/wp-json\/wp\/v2\/duurzaam?post=103399"},{"taxonomy":"productafmetingen","embeddable":true,"href":"https:\/\/www.industrialwood.nl\/de\/wp-json\/wp\/v2\/productafmetingen?post=103399"},{"taxonomy":"stijl","embeddable":true,"href":"https:\/\/www.industrialwood.nl\/de\/wp-json\/wp\/v2\/stijl?post=103399"},{"taxonomy":"merk","embeddable":true,"href":"https:\/\/www.industrialwood.nl\/de\/wp-json\/wp\/v2\/merk?post=103399"},{"taxonomy":"materiaal","embeddable":true,"href":"https:\/\/www.industrialwood.nl\/de\/wp-json\/wp\/v2\/materiaal?post=103399"},{"taxonomy":"materiaal-schaaltje","embeddable":true,"href":"https:\/\/www.industrialwood.nl\/de\/wp-json\/wp\/v2\/materiaal-schaaltje?post=103399"},{"taxonomy":"geur","embeddable":true,"href":"https:\/\/www.industrialwood.nl\/de\/wp-json\/wp\/v2\/geur?post=103399"},{"taxonomy":"product-type","embeddable":true,"href":"https:\/\/www.industrialwood.nl\/de\/wp-json\/wp\/v2\/product-type?post=103399"},{"taxonomy":"beoordeling","embeddable":true,"href":"https:\/\/www.industrialwood.nl\/de\/wp-json\/wp\/v2\/beoordeling?post=103399"},{"taxonomy":"uitsparingen","embeddable":true,"href":"https:\/\/www.industrialwood.nl\/de\/wp-json\/wp\/v2\/uitsparingen?post=103399"},{"taxonomy":"houtsoort","embeddable":true,"href":"https:\/\/www.industrialwood.nl\/de\/wp-json\/wp\/v2\/houtsoort?post=103399"},{"taxonomy":"breedte","embeddable":true,"href":"https:\/\/www.industrialwood.nl\/de\/wp-json\/wp\/v2\/breedte?post=103399"},{"taxonomy":"badplanken-lengte","embeddable":true,"href":"https:\/\/www.industrialwood.nl\/de\/wp-json\/wp\/v2\/badplanken-lengte?post=103399"},{"taxonomy":"kleur","embeddable":true,"href":"https:\/\/www.industrialwood.nl\/de\/wp-json\/wp\/v2\/kleur?post=103399"}],"curies":[{"name":"wp","href":"https:\/\/api.w.org\/{rel}","templated":true}]}}

<p data-section-id="6pc4sa" data-start="0" data-end="52"><strong>🤍 Komplettset Sol &#8211; 3 Vasen im organischen Design<br />
</strong>Sie suchen nach einem Set, das Ihre Einrichtung sofort aufhellt? ✨ Das <strong data-start="124" data-end="144">Komplettset Sol</strong> ist genau das, was Sie brauchen! Dieses <strong>Set aus 3 wunderschönen Vasen</strong> in verschiedenen Größen wird Ihrem Wohnzimmer, Esstisch oder Couchtisch einen sanften, friedlichen Look verleihen. Sie passen zu jedem Stil, ob Sie nun Japandi, minimalistisch oder natürlich mögen.   </p>
<p data-start="415" data-end="720">Die Sol Vasen haben ein organisches Design und sind aus Keramik in einem sanften Beigeton gefertigt. Die bauchigen Formen machen sie nett und verspielt, aber sie sind auch sehr raffiniert. Stellen Sie sie auf ein Tablett für eine ruhige Atmosphäre oder stellen Sie sie einfach alleine hin, sie sprechen immer für sich selbst! 🤍</p>
<p data-start="722" data-end="950">Mit diesem Set können Sie mit verschiedenen Höhen spielen und Ihrer Einrichtung das gewisse Etwas verleihen. Und das Beste daran? Dieses Set lässt sich ganz einfach mit Ihren Lieblingsaccessoires wie Zweigen oder Seidenblumen kombinieren!</p>
<p data-section-id="x62gue" data-start="988" data-end="1011"><strong>Inhalt des Sets Sol:</strong></p>
<ul data-start="1013" data-end="1078">
<li data-section-id="12uh1pj" data-start="1013" data-end="1034">1x Vase Sol S</li>
<li data-section-id="136xm61" data-start="1035" data-end="1056">1x Vase Sol M</li>
<li data-section-id="134uut4" data-start="1057" data-end="1078">1x Vase Sol L</li>
</ul>
<p data-section-id="cmtn5z" data-start="952" data-end="989">
<p data-section-id="cmtn5z" data-start="952" data-end="989"><strong>Warum Sie dieses Vasen-Set haben möchten:</strong></p>
<ul>
<li data-start="991" data-end="1343">3 Vasen in verschiedenen Größen</li>
<li data-start="991" data-end="1343">Sanfter Beigeton, der zu allem passt</li>
<li data-start="991" data-end="1343">Organisches Design für einen verspielten und raffinierten Look</li>
<li data-start="991" data-end="1343">Passt in ein Japandi, minimalistisches oder natürliches Interieur</li>
</ul>
<p>&nbsp;</p>
<p><strong>Abmessungen</strong>: <strong>S</strong>: 11,5 x 25 cm | <strong>M</strong>: 13,5 x 32,5 cm | <strong>L</strong>: 14,5 x 37 cm<br />
<strong>Material</strong>: Keramik<br />
<strong>Farbe</strong>: Beige | Weiß</p>
