{"id":103004,"date":"2026-04-27T18:06:29","date_gmt":"2026-04-27T16:06:29","guid":{"rendered":"https:\/\/www.industrialwood.nl\/?post_type=product&#038;p=103004"},"modified":"2026-04-27T18:49:16","modified_gmt":"2026-04-27T16:49:16","slug":"vase-sol-zwiebeln-beige-s-copy","status":"publish","type":"product","link":"https:\/\/www.industrialwood.nl\/de\/vase-sol-zwiebeln-beige-s-copy\/","title":{"rendered":"Vase | Sol | Zwiebeln | Beige | M"},"content":{"rendered":"","protected":false},"excerpt":{"rendered":"<p data-section-id=\"1uhf8ey\" data-start=\"0\" data-end=\"69\"><strong>\ud83e\udd0d Keramikvase Sol &#8211; Zeitlose beigefarbene Vase mit organischen Formen<br \/>\n<\/strong>Sie suchen nach einer Vase, die sich dezent abhebt und dennoch Ruhe in Ihr Interieur bringt \u2728 Die <strong data-start=\"156\" data-end=\"168\">Vase Sol<\/strong> hat dank ihrer runden <strong data-start=\"225\" data-end=\"251\">organischen Kugelform<\/strong>, dem nat\u00fcrlichen beigen Farbton und der raffinierten Keramikoberfl\u00e4che einen sch\u00f6nen weichen Look. Eine stilvolle Vase, die m\u00fchelos in ein <strong data-start=\"362\" data-end=\"417\">Japandi, minimalistisches oder modernes nat\u00fcrliches Interieur<\/strong> passt.  <\/p>\n<p data-start=\"420\" data-end=\"690\">Die verspielten runden Formen verleihen dieser beigen Keramikvase Charakter, w\u00e4hrend die ruhige Farbe W\u00e4rme und Ausgeglichenheit verleiht. Perfekt f\u00fcr ein Styling mit ein paar luftigen Zweigen oder Trockenblumen, aber auch ohne Blumen ist diese Vase ein dekoratives Objekt f\u00fcr sich \ud83e\udd0d. <\/p>\n<p data-start=\"692\" data-end=\"949\">Dieses Format ist ideal f\u00fcr einen Couchtisch, ein Wandregal oder ein Sideboard und l\u00e4sst sich wunderbar mit den anderen Formaten der Serie kombinieren. Vor allem zusammen ergibt es ein sch\u00f6nes, friedliches Ganzes mit verschiedenen H\u00f6hen und Formen. <\/p>\n<p data-section-id=\"xe84mf\" data-start=\"956\" data-end=\"992\"><strong>Warum Sie die Vase Sol:<\/strong><\/p>\n<ul>\n<li data-start=\"994\" data-end=\"1297\">Keramische Vase in Beige mit dezent gesprenkeltem Finish<\/li>\n<li data-start=\"994\" data-end=\"1297\">Organisches Design mit weichen, runden Formen<\/li>\n<li data-start=\"994\" data-end=\"1297\">Perfekt f\u00fcr Japandi und nat\u00fcrliche Wohnstile<\/li>\n<li data-start=\"994\" data-end=\"1297\">Sch\u00f6n individuell und sch\u00f6n zu kombinieren mit anderen Formaten \u2728.<\/li>\n<li data-start=\"994\" data-end=\"1297\">Auch in <a href=\"https:\/\/www.industrialwood.nl\/vaas-sol-bollen-beige-s\/\">Gr\u00f6\u00dfe S<\/a> oder <a href=\"https:\/\/www.industrialwood.nl\/vaas-sol-bollen-beige-l\/\">Gr\u00f6\u00dfe L<\/a> erh\u00e4ltlich<\/li>\n<\/ul>\n<p>&nbsp;<\/p>\n<p>&nbsp;<\/p>\n<p><strong>Ma\u00dfe<\/strong>: 13,5 x 13,5 x 32,5 cm<br \/>\n<strong>Material<\/strong>: T\u00f6pferei<br \/>\n<strong>Farbe<\/strong>: Wei\u00df<\/p>\n","protected":false},"featured_media":102994,"comment_status":"open","ping_status":"closed","template":"","meta":[],"product_brand":[],"product_cat":[400,504,418,402,424,420,395,422,387,396],"product_tag":[],"seizoen":[543,545,544,546],"bloemensoort":[],"samenstelling":[],"shop-per-kamer":[552,549],"indooroutdoor":[555],"vorm":[563,557],"duurzaam":[565],"productafmetingen":[568],"stijl":[574,571,575,573,572],"merk":[576],"materiaal":[611],"materiaal-schaaltje":[],"geur":[],"product-type":[],"beoordeling":[640,641,642],"uitsparingen":[],"houtsoort":[],"breedte":[],"badplanken-lengte":[],"kleur":[659],"class_list":{"0":"post-103004","1":"product","2":"type-product","3":"status-publish","4":"has-post-thumbnail","6":"product_cat-boheme-wohnzimmer","7":"product_cat-drausen","8":"product_cat-hotel-chic-wohnzimmer","9":"product_cat-japandi-wohnzimmer","10":"product_cat-landwohnzimmer","11":"product_cat-modernes-wohnzimmer","12":"product_cat-naturliche-tone","13":"product_cat-skandinavisches-wohnzimmer","14":"product_cat-vasen-topfe","15":"product_cat-wohnzimmer","16":"seizoen-lente-de","17":"seizoen-herfst-de","18":"seizoen-zomer-de","19":"seizoen-winter-de","20":"shop-per-kamer-hal-de","21":"shop-per-kamer-woonkamer-de","22":"indooroutdoor-indoor-de","23":"vorm-organisch-de","24":"vorm-rond-de","25":"duurzaam-ja-de","26":"productafmetingen-m-de","27":"stijl-bohemian-de","28":"stijl-hotel-chique-de","29":"stijl-japandi-de","30":"stijl-modern-de","31":"stijl-scandinavisch-de","32":"merk-industrialwood-de","33":"materiaal-keramiek-de","34":"beoordeling-three-star-de","35":"beoordeling-four-star-de","36":"beoordeling-five-star-de","37":"kleur-wit-de","39":"first","40":"instock","41":"taxable","42":"shipping-taxable","43":"purchasable","44":"product-type-simple"},"supplier_id":null,"supplier_sku":"","barcode":null,"atum_controlled":true,"out_stock_date":null,"out_stock_threshold":null,"inheritable":false,"inbound_stock":0,"stock_on_hold":0,"sold_today":0,"sales_last_days":0,"reserved_stock":0,"customer_returns":0,"warehouse_damage":0,"lost_in_post":0,"other_logs":0,"out_stock_days":0,"lost_sales":0,"has_location":false,"update_date":"2026-04-27T20:07:58","atum_locations":[],"atum_stock_status":"instock","restock_status":false,"low_stock_amount":"","sales_update_date":"2026-04-27T20:07:58","calc_backorders":null,"_links":{"self":[{"href":"https:\/\/www.industrialwood.nl\/de\/wp-json\/wp\/v2\/product\/103004","targetHints":{"allow":["GET"]}}],"collection":[{"href":"https:\/\/www.industrialwood.nl\/de\/wp-json\/wp\/v2\/product"}],"about":[{"href":"https:\/\/www.industrialwood.nl\/de\/wp-json\/wp\/v2\/types\/product"}],"replies":[{"embeddable":true,"href":"https:\/\/www.industrialwood.nl\/de\/wp-json\/wp\/v2\/comments?post=103004"}],"wp:featuredmedia":[{"embeddable":true,"href":"https:\/\/www.industrialwood.nl\/de\/wp-json\/wp\/v2\/media\/102994"}],"wp:attachment":[{"href":"https:\/\/www.industrialwood.nl\/de\/wp-json\/wp\/v2\/media?parent=103004"}],"wp:term":[{"taxonomy":"product_brand","embeddable":true,"href":"https:\/\/www.industrialwood.nl\/de\/wp-json\/wp\/v2\/product_brand?post=103004"},{"taxonomy":"product_cat","embeddable":true,"href":"https:\/\/www.industrialwood.nl\/de\/wp-json\/wp\/v2\/product_cat?post=103004"},{"taxonomy":"product_tag","embeddable":true,"href":"https:\/\/www.industrialwood.nl\/de\/wp-json\/wp\/v2\/product_tag?post=103004"},{"taxonomy":"seizoen","embeddable":true,"href":"https:\/\/www.industrialwood.nl\/de\/wp-json\/wp\/v2\/seizoen?post=103004"},{"taxonomy":"bloemensoort","embeddable":true,"href":"https:\/\/www.industrialwood.nl\/de\/wp-json\/wp\/v2\/bloemensoort?post=103004"},{"taxonomy":"samenstelling","embeddable":true,"href":"https:\/\/www.industrialwood.nl\/de\/wp-json\/wp\/v2\/samenstelling?post=103004"},{"taxonomy":"shop-per-kamer","embeddable":true,"href":"https:\/\/www.industrialwood.nl\/de\/wp-json\/wp\/v2\/shop-per-kamer?post=103004"},{"taxonomy":"indooroutdoor","embeddable":true,"href":"https:\/\/www.industrialwood.nl\/de\/wp-json\/wp\/v2\/indooroutdoor?post=103004"},{"taxonomy":"vorm","embeddable":true,"href":"https:\/\/www.industrialwood.nl\/de\/wp-json\/wp\/v2\/vorm?post=103004"},{"taxonomy":"duurzaam","embeddable":true,"href":"https:\/\/www.industrialwood.nl\/de\/wp-json\/wp\/v2\/duurzaam?post=103004"},{"taxonomy":"productafmetingen","embeddable":true,"href":"https:\/\/www.industrialwood.nl\/de\/wp-json\/wp\/v2\/productafmetingen?post=103004"},{"taxonomy":"stijl","embeddable":true,"href":"https:\/\/www.industrialwood.nl\/de\/wp-json\/wp\/v2\/stijl?post=103004"},{"taxonomy":"merk","embeddable":true,"href":"https:\/\/www.industrialwood.nl\/de\/wp-json\/wp\/v2\/merk?post=103004"},{"taxonomy":"materiaal","embeddable":true,"href":"https:\/\/www.industrialwood.nl\/de\/wp-json\/wp\/v2\/materiaal?post=103004"},{"taxonomy":"materiaal-schaaltje","embeddable":true,"href":"https:\/\/www.industrialwood.nl\/de\/wp-json\/wp\/v2\/materiaal-schaaltje?post=103004"},{"taxonomy":"geur","embeddable":true,"href":"https:\/\/www.industrialwood.nl\/de\/wp-json\/wp\/v2\/geur?post=103004"},{"taxonomy":"product-type","embeddable":true,"href":"https:\/\/www.industrialwood.nl\/de\/wp-json\/wp\/v2\/product-type?post=103004"},{"taxonomy":"beoordeling","embeddable":true,"href":"https:\/\/www.industrialwood.nl\/de\/wp-json\/wp\/v2\/beoordeling?post=103004"},{"taxonomy":"uitsparingen","embeddable":true,"href":"https:\/\/www.industrialwood.nl\/de\/wp-json\/wp\/v2\/uitsparingen?post=103004"},{"taxonomy":"houtsoort","embeddable":true,"href":"https:\/\/www.industrialwood.nl\/de\/wp-json\/wp\/v2\/houtsoort?post=103004"},{"taxonomy":"breedte","embeddable":true,"href":"https:\/\/www.industrialwood.nl\/de\/wp-json\/wp\/v2\/breedte?post=103004"},{"taxonomy":"badplanken-lengte","embeddable":true,"href":"https:\/\/www.industrialwood.nl\/de\/wp-json\/wp\/v2\/badplanken-lengte?post=103004"},{"taxonomy":"kleur","embeddable":true,"href":"https:\/\/www.industrialwood.nl\/de\/wp-json\/wp\/v2\/kleur?post=103004"}],"curies":[{"name":"wp","href":"https:\/\/api.w.org\/{rel}","templated":true}]}}

<p data-section-id="1uhf8ey" data-start="0" data-end="69"><strong>🤍 Keramikvase Sol &#8211; Zeitlose beigefarbene Vase mit organischen Formen<br />
</strong>Sie suchen nach einer Vase, die sich dezent abhebt und dennoch Ruhe in Ihr Interieur bringt ✨ Die <strong data-start="156" data-end="168">Vase Sol</strong> hat dank ihrer runden <strong data-start="225" data-end="251">organischen Kugelform</strong>, dem natürlichen beigen Farbton und der raffinierten Keramikoberfläche einen schönen weichen Look. Eine stilvolle Vase, die mühelos in ein <strong data-start="362" data-end="417">Japandi, minimalistisches oder modernes natürliches Interieur</strong> passt.  </p>
<p data-start="420" data-end="690">Die verspielten runden Formen verleihen dieser beigen Keramikvase Charakter, während die ruhige Farbe Wärme und Ausgeglichenheit verleiht. Perfekt für ein Styling mit ein paar luftigen Zweigen oder Trockenblumen, aber auch ohne Blumen ist diese Vase ein dekoratives Objekt für sich 🤍. </p>
<p data-start="692" data-end="949">Dieses Format ist ideal für einen Couchtisch, ein Wandregal oder ein Sideboard und lässt sich wunderbar mit den anderen Formaten der Serie kombinieren. Vor allem zusammen ergibt es ein schönes, friedliches Ganzes mit verschiedenen Höhen und Formen. </p>
<p data-section-id="xe84mf" data-start="956" data-end="992"><strong>Warum Sie die Vase Sol:</strong></p>
<ul>
<li data-start="994" data-end="1297">Keramische Vase in Beige mit dezent gesprenkeltem Finish</li>
<li data-start="994" data-end="1297">Organisches Design mit weichen, runden Formen</li>
<li data-start="994" data-end="1297">Perfekt für Japandi und natürliche Wohnstile</li>
<li data-start="994" data-end="1297">Schön individuell und schön zu kombinieren mit anderen Formaten ✨.</li>
<li data-start="994" data-end="1297">Auch in <a href="https://www.industrialwood.nl/vaas-sol-bollen-beige-s/">Größe S</a> oder <a href="https://www.industrialwood.nl/vaas-sol-bollen-beige-l/">Größe L</a> erhältlich</li>
</ul>
<p>&nbsp;</p>
<p>&nbsp;</p>
<p><strong>Maße</strong>: 13,5 x 13,5 x 32,5 cm<br />
<strong>Material</strong>: Töpferei<br />
<strong>Farbe</strong>: Weiß</p>
